est common factor of 30 and y?
10
Let j = -7 + 10. Let d be (j + 6)*(-6 - -7). Suppose 0 = -5*r + d + 11. Calculate the greatest common divisor of r and 12.
4
Let d = 1 - -4. Suppose 0 = 2*s - 2*a - 18, -d*s + 2*a + 51 = 0. Let z be ((-3)/(-2))/((-3)/(-198)). Calculate the greatest common divisor of s and z.
11
Suppose -z + 5*z - 32 = 0. Let g be -2*-7*(2 - 1). Let j be (-4)/g + (-452)/(-14). What is the greatest common factor of z and j?
8
Let l(y) = y**2 + 6*y - 15. Suppose 5*a - 5*f = -90, -12 - 24 = 2*a + f. Let m be a/4*(3 + -1). Let p be l(m). Calculate the highest common factor of p and 12.
12
Let n be (125 + -4)/((-8)/(-32)). What is the highest common factor of n and 22?
22
Let b be ((-1)/2)/(1/(-12)). Suppose -77 + 329 = 6*z. What is the greatest common divisor of b and z?
6
Let y(x) = 4*x + 6. Let o be y(-2). Let z be o/(-8) - (-58)/(-8). Let k = z - -11. What is the greatest common divisor of k and 8?
4
Suppose -s = 2*i + 1, 4*s + 4*i = 3*i + 17. Suppose 0 = 4*d + d - x - 22, s*d = 2*x + 19. What is the highest common divisor of d and 85?
5
Suppose 0 = 85*p - 90*p + 285. Calculate the greatest common factor of p and 3.
3
Let v(k) = k**3 - 4*k**2 + 3. Let t be v(4). Let l(c) = -2*c**3 + 9*c**2 + 24*c + 3. Let m be l(6). What is the greatest common factor of t and m?
3
Let a(t) = -5*t - 31. Let q be a(-8). Let z = 57 - 30. Calculate the greatest common divisor of z and q.
9
Let f = 12 + -5. Suppose 5*n = 37 - f. Suppose -233 - 397 = -15*a. What is the greatest common divisor of n and a?
6
Suppose 0 = -i - 5, r + 2*i = 5*r - 74. Let u(v) = v**3 - v. Let q be u(-1). Suppose 5*f - 13 - 7 = q. What is the highest common factor of r and f?
4
Let k = 5 + -3. Suppose 9 = k*o - p, -5*o - p + 18 = p. Let t be 8/(-4) - -4 - -6. What is the highest common factor of o and t?
4
Suppose 2*x - 5*w + 2*w = 0, x = -3*w. Suppose o - 21 = -3*r, x*r - 5*o + 28 = 4*r. Suppose 46 - 270 = -4*j. Calculate the highest common factor of j and r.
7
Suppose -5*z - i = -35, -i + 5*i = -4*z + 12. Calculate the highest common factor of z and 40.
8
Suppose 2*x - 197 = -15*o + 16*o, -x + 3*o + 101 = 0. What is the highest common divisor of x and 476?
14
Let y(d) = -124*d - 5. Let c be y(-1). Calculate the greatest common divisor of 34 and c.
17
Suppose -21 - 34 = -5*h. Let t(f) = 2*f**2 - 12*f + 4. Let p be t(6). Suppose -5*l + 11 = -p*l. Calculate the highest common factor of l and h.
11
Suppose f - 9 = 7. Suppose 0 = -5*y + 44 + f. Suppose -3*m + 2*m + y = 0. Calculate the greatest common factor of 12 and m.
12
Let w(b) = -b**2 - 28*b + 5. Let i be w(-23). Suppose -5*x + 3*x = j - 64, 2*j - 4*x = i. What is the highest common factor of 93 and j?
31
Let i(w) = -36*w + 63. Let q be i(5). Let x = q + 147. Calculate the highest common divisor of x and 15.
15
Suppose -13*a = 28*a - 1640. What is the greatest common divisor of a and 15?
5
Suppose -108 = -3*l + h, -5*h + 126 = 3*l - 0*l. Calculate the greatest common divisor of l and 592.
37
Let t = -223 + 370. Calculate the highest common divisor of t and 42.
21
Let h(w) = 3*w**3 - 11*w**2 + 7 - 2*w**3 + 10*w - 2. Let x be h(10). Suppose x*g - 22 = 8. What is the greatest common factor of g and 6?
6
Suppose -36*s - 30 = -41*s. What is the highest common divisor of 156 and s?
6
Suppose 0 = -o - 2*k - 2, 3*k - 1 + 4 = -2*o. Suppose r = -3*v - 191, -v - 3*r - 77 = -o*v. Let a = v - -95. What is the greatest common factor of 11 and a?
11
Suppose 18 - 7 = g. Suppose 129 = 3*b - 102. What is the highest common divisor of g and b?
11
Let f be -9*(-20)/8*4/6. Let d(g) = -g**2 + 6*g + 7. Let z be d(8). Let i(x) = 3*x**2 + 13*x + 9. Let k be i(z). What is the greatest common factor of k and f?
15
Let q = 1275 - 1161. Calculate the greatest common factor of q and 2622.
114
Let u be 14 - 12 - (-565)/5. What is the greatest common factor of u and 2990?
115
Suppose -428 - 692 = -14*w. Calculate the greatest common divisor of w and 20.
20
Suppose -2*t - 3*f = -4*t + 1, 0 = -5*t - 2*f + 31. Suppose -2*u - 56 = -76. Suppose 0 = -v - v + u. What is the highest common divisor of t and v?
5
Suppose -k + 4*q = -0*q + 11, 7 = -k + 3*q. Suppose -k*y + 934 = -91. Suppose -2*c = -y - 257. What is the greatest common divisor of 33 and c?
33
Suppose 0 = -1481*y + 1486*y - 4485. What is the greatest common factor of y and 13?
13
Let r = 10 + -8. Suppose -25 = r*x - 7*x. Let p(y) = y + 18. Let o be p(-8). Calculate the greatest common divisor of o and x.
5
Suppose -o - o = 8, 2*k + 2*o = 346. Suppose -51 = -3*i + k. Suppose 5*f - 99 = -n, 4*f + n + 6 = 86. Calculate the highest common divisor of f and i.
19
Let j be (-11)/(-3) + -4 + 242/6. Let u be (1 - 4/2)*0. Let i = j + u. What is the greatest common factor of i and 16?
8
Suppose 0 = 3*c - 4*c + 202. What is the highest common factor of 1313 and c?
101
Let s = -820 + 798. Suppose 3*g - 72 = 4*k, -3*g + 120 = 2*g - 3*k. Let r = g + s. What is the highest common factor of 16 and r?
2
Let w = 7 + -5. Let t be ((-1)/w)/((-5)/70). Calculate the greatest common factor of t and 1.
1
Let p(n) be the third derivative of -41*n**4/24 - n**3/3 - 9*n**2. Let y be p(-1). What is the highest common factor of y and 13?
13
Let a be 2/3 + (-21)/(-9). Suppose a*c + 2*c = 135. Calculate the greatest common factor of c and 3.
3
Let t be ((-10)/(-4))/((-9)/(-18)). Suppose t*s + 0*s = 440. Calculate the highest common divisor of s and 11.
11
Let w(s) be the first derivative of s**3/3 - s**2/2 - 11. Let y be w(9). Suppose 3*u - 6*u = -24. What is the highest common factor of u and y?
8
Suppose -5*c - 2*t = -2862, 0 = -2*t + 5*t - 3. Calculate the highest common factor of 156 and c.
52
Let w(l) = -l + 24. Let u(i) = 2*i - 23. Let m(z) = 3*u(z) + 4*w(z). Let n be m(-13). Calculate the greatest common factor of 7 and n.
1
Suppose -6*d - 27 = -7*d. Calculate the greatest common divisor of d and 63.
9
Suppose -40*b + 60 = -20*b. What is the greatest common divisor of b and 141?
3
Suppose 0 = 2*n + 6, -2*o + n = -2*n - 531. Suppose 4*q + f = 351, -5*f - 96 = -4*q + o. What is the greatest common factor of 220 and q?
44
Let s be -1 + 38*2/4. Suppose 2*q + 450 = 4*m, -5*m + 273 + 302 = -5*q. Let a = m - 65. What is the greatest common divisor of s and a?
9
Suppose 3*d + 3*j - 1336 = 5*j, 4*d - 1770 = -3*j. Suppose 2*i - d = -i. Suppose 3*v - 281 = i. Calculate the greatest common factor of v and 13.
13
Let x(p) = 322*p**2 + 2*p + 8. Let f be x(-2). What is the highest common divisor of f and 68?
68
Let z = 2122 + -2111. Suppose 51 = v - 70. Calculate the greatest common factor of z and v.
11
Suppose 5*o - 3679 = -8*o. Suppose 2*g = -4*d + 230, 0 = 5*d + 2*g - g - o. Let y = 73 - 45. Calculate the highest common factor of y and d.
28
Let q = 255 - 171. Suppose 4*z = q - 24. Calculate the greatest common factor of 165 and z.
15
Let h = -307 + 442. What is the highest common factor of h and 180?
45
Let i(h) = -h**3 - 3*h**2 - 13*h - 10. Let w be i(-5). Calculate the greatest common divisor of w and 175.
35
Let y = 59 + -55. Let s(h) be the third derivative of -h**4/24 - 2*h**3/3 - h**2. Let g be s(-6). What is the greatest common factor of y and g?
2
Let f = -5851 - -5866. Let k(o) = -4*o**3 - 5*o**2 + 3*o + 1. Let u be k(-4). Calculate the greatest common divisor of f and u.
15
Let p(y) = 23*y + 123. Let o be p(11). Calculate the highest common divisor of 47 and o.
47
Let a be 76/(7/(924/6)) - -2. What is the greatest common divisor of a and 62?
62
Let d = -25 - -66. Let j(x) = x**2 + 2*x - 22. Let u be j(7). Calculate the highest common factor of u and d.
41
Let a = 271 + -235. Calculate the greatest common factor of 132 and a.
12
Let b = 964 - 722. Calculate the greatest common factor of b and 1089.
121
Let h be (-144)/(-30)*1*10. Calculate the highest common factor of 24 and h.
24
Let n = -391 - -511. What is the greatest common factor of n and 15?
15
Let u(d) = 2*d**2 + 2*d - 5. Let a(i) = i**3 + 3*i**2 - 4*i + 3. Let j be a(-4). Let z be u(j). Calculate the highest common divisor of z and 209.
19
Suppose -3*y + 8 - 2 = 0. Suppose -y*j = 4*j - 6. Let k be (j - -2)/(2/22). What is the highest common divisor of 22 and k?
11
Suppose 0*k - 8 = 2*k, 0 = 3*a + 5*k + 20. Let g be a + (-195)/(-4 - -1). Let r be -2*1 - 1*-28. Ca